{"id":19231,"date":"2012-10-26T09:34:44","date_gmt":"2012-10-26T09:34:44","guid":{"rendered":"http:\/\/georg-dahlhoff.eu\/?page_id=2"},"modified":"2012-10-26T09:34:44","modified_gmt":"2012-10-26T09:34:44","slug":"beispiel-seite-2","status":"publish","type":"page","link":"https:\/\/georg-dahlhoff.eu\/monochrome\/?page_id=19231","title":{"rendered":"Zwischen Schwarz und Wei\u00df&#8230;"},"content":{"rendered":"<p>&#8230; gibt es, wenn man es nach den Ma\u00dfst\u00e4ben der Computertechnik betrachtet, ca. 16,7 Millionen Farbnuancen aber nur 254 weitere Grauwerte. Das h\u00f6rt sich \u00a0zun\u00e4chst nach wenig an, reicht aber f\u00fcr die digitale Schwarzwei\u00df-Fotografie aus.<\/p>\n<p>Wir haben, seit die Farbfotografie kein Verm\u00f6gen mehr kostet, etwas den Blick f\u00fcr die monochrome Darstellung verloren, denn statt vieler Farben, bleiben uns dabei eben nur die Graustufen f\u00fcr die\u00a0Bildgestaltung. Aber darin besteht der Reiz, aus Kontrasten und Helligkeitsverl\u00e4ufen ein Bild zu erstellen, das eben auch, oder vielleicht ganz besonders gefallen kann. Schwarzwei\u00df ist also kein Mangel sondern eine andere fotografische Ausdrucksform, mit der sich das eine oder andere Motiv einfach wirkungsvoller darstellen l\u00e4sst.<\/p>\n<p>Da diese urspr\u00fcngliche Form der Fotografie etwas polarisiert, weil die einen sie lieben und andere sie ablehnen, habe ich mich entschlossen, Schwarzwei\u00dfbilder in Zukunft nur noch auf dieser Plattform zu pr\u00e4sentieren. Ich hoffe, dass sich bald eine kleine Blogger-Fangemeinde f\u00fcr Schwarzwei\u00dfbilder zusammenfindet.<\/p>\n<p>Die ersten Bilder habe ich zun\u00e4chst von meinem Fotoblog &#8222;Georg Dahlhoff Fotografie&#8220; importiert. Seit dem 27. Oktober 2012 ver\u00f6ffentliche ich meine Schwarzwei\u00dfbilder exklusiv hier.<\/p>\n<p>Viel Spa\u00df also beim Betrachten und Entdecken!<\/p>\n<p><script type=\"text\/javascript\" src=\"\/\/pagead2.googlesyndication.com\/pagead\/js\/adsbygoogle.js\" async=\"\"><\/script><!-- mbf-blog --> <ins class=\"adsbygoogle\" style=\"display: inline-block; width: 468px; height: 60px;\" data-ad-client=\"ca-pub-1724874997428610\" data-ad-slot=\"5271556774\"><\/ins><script type=\"text\/javascript\">\/\/ <![CDATA[\n(adsbygoogle = window.adsbygoogle || []).push({});\n\/\/ ]]><\/script><\/p>\n","protected":false},"excerpt":{"rendered":"<p>&#8230; gibt es, wenn man es nach den Ma\u00dfst\u00e4ben der Computertechnik betrachtet, ca. 16,7 Millionen Farbnuancen aber nur 254 weitere Grauwerte. Das h\u00f6rt sich \u00a0zun\u00e4chst nach wenig an, reicht aber [&hellip;]<\/p>\n","protected":false},"author":1,"featured_media":0,"parent":0,"menu_order":1,"comment_status":"closed","ping_status":"closed","template":"","meta":{"footnotes":""},"class_list":["post-19231","page","type-page","status-publish","hentry"],"jetpack_sharing_enabled":true,"_links":{"self":[{"href":"https:\/\/georg-dahlhoff.eu\/monochrome\/index.php?rest_route=\/wp\/v2\/pages\/19231","targetHints":{"allow":["GET"]}}],"collection":[{"href":"https:\/\/georg-dahlhoff.eu\/monochrome\/index.php?rest_route=\/wp\/v2\/pages"}],"about":[{"href":"https:\/\/georg-dahlhoff.eu\/monochrome\/index.php?rest_route=\/wp\/v2\/types\/page"}],"author":[{"embeddable":true,"href":"https:\/\/georg-dahlhoff.eu\/monochrome\/index.php?rest_route=\/wp\/v2\/users\/1"}],"replies":[{"embeddable":true,"href":"https:\/\/georg-dahlhoff.eu\/monochrome\/index.php?rest_route=%2Fwp%2Fv2%2Fcomments&post=19231"}],"version-history":[{"count":0,"href":"https:\/\/georg-dahlhoff.eu\/monochrome\/index.php?rest_route=\/wp\/v2\/pages\/19231\/revisions"}],"wp:attachment":[{"href":"https:\/\/georg-dahlhoff.eu\/monochrome\/index.php?rest_route=%2Fwp%2Fv2%2Fmedia&parent=19231"}],"curies":[{"name":"wp","href":"https:\/\/api.w.org\/{rel}","templated":true}]}}